he prime factors of 23831?
23831
What are the prime factors of 34452?
2, 3, 11, 29
List the prime factors of 58293.
3, 17, 127
List the prime factors of 5040.
2, 3, 5, 7
What are the prime factors of 3067?
3067
List the prime factors of 2055.
3, 5, 137
List the prime factors of 2173.
41, 53
What are the prime factors of 1404?
2, 3, 13
List the prime factors of 14743.
23, 641
List the prime factors of 2.
2
List the prime factors of 57512.
2, 7, 13, 79
What are the prime factors of 442?
2, 13, 17
What are the prime factors of 1131?
3, 13, 29
List the prime factors of 150117.
3, 11, 4549
List the prime factors of 97478.
2, 17, 47, 61
List the prime factors of 570.
2, 3, 5, 19
List the prime factors of 1373.
1373
List the prime factors of 43795.
5, 19, 461
What are the prime factors of 16723?
7, 2389
What are the prime factors of 318?
2, 3, 53
What are the prime factors of 37436?
2, 7, 191
List the prime factors of 8167.
8167
List the prime factors of 11689.
11689
What are the prime factors of 564?
2, 3, 47
List the prime factors of 176.
2, 11
What are the prime factors of 10597?
10597
List the prime factors of 5368.
2, 11, 61
What are the prime factors of 8548?
2, 2137
List the prime factors of 28456.
2, 3557
What are the prime factors of 5805?
3, 5, 43
What are the prime factors of 4075?
5, 163
What are the prime factors of 8080?
2, 5, 101
List the prime factors of 4170.
2, 3, 5, 139
What are the prime factors of 29961?
3, 3329
List the prime factors of 5717.
5717
List the prime factors of 4875.
3, 5, 13
List the prime factors of 57787.
57787
What are the prime factors of 1848?
2, 3, 7, 11
List the prime factors of 3890.
2, 5, 389
What are the prime factors of 13509?
3, 19, 79
What are the prime factors of 382?
2, 191
What are the prime factors of 13710?
2, 3, 5, 457
What are the prime factors of 29334?
2, 3, 4889
What are the prime factors of 4827?
3, 1609
What are the prime factors of 83340?
2, 3, 5, 463
What are the prime factors of 57400?
2, 5, 7, 41
List the prime factors of 7928.
2, 991
What are the prime factors of 4117?
23, 179
List the prime factors of 8945.
5, 1789
List the prime factors of 1120.
2, 5, 7
What are the prime factors of 6486?
2, 3, 23, 47
List the prime factors of 70666.
2, 89, 397
What are the prime factors of 122641?
29, 4229
What are the prime factors of 4338?
2, 3, 241
What are the prime factors of 1248?
2, 3, 13
List the prime factors of 8844.
2, 3, 11, 67
What are the prime factors of 1562?
2, 11, 71
List the prime factors of 867.
3, 17
List the prime factors of 44495.
5, 11, 809
What are the prime factors of 9539?
9539
List the prime factors of 3689.
7, 17, 31
List the prime factors of 2687.
2687
What are the prime factors of 3321?
3, 41
List the prime factors of 15251.
101, 151
List the prime factors of 29799.
3, 7, 11, 43
What are the prime factors of 618?
2, 3, 103
What are the prime factors of 1948?
2, 487
What are the prime factors of 2729?
2729
List the prime factors of 1202.
2, 601
List the prime factors of 14137.
67, 211
What are the prime factors of 7151?
7151
List the prime factors of 9557.
19, 503
What are the prime factors of 108514?
2, 7, 23, 337
What are the prime factors of 150913?
7, 21559
What are the prime factors of 419?
419
What are the prime factors of 1698?
2, 3, 283
List the prime factors of 3776.
2, 59
What are the prime factors of 31364?
2, 7841
List the prime factors of 1480.
2, 5, 37
List the prime factors of 708.
2, 3, 59
List the prime factors of 9811.
9811
What are the prime factors of 2089?
2089
List the prime factors of 1664.
2, 13
What are the prime factors of 93358?
2, 46679
List the prime factors of 3117.
3, 1039
List the prime factors of 1379.
7, 197
List the prime factors of 2424.
2, 3, 101
What are the prime factors of 40259?
127, 317
List the prime factors of 8415.
3, 5, 11, 17
What are the prime factors of 1779?
3, 593
List the prime factors of 32431.
7, 41, 113
List the prime factors of 646.
2, 17, 19
What are the prime factors of 80770?
2, 5, 41, 197
What are the prime factors of 5267?
23, 229
List the prime factors of 39855.
3, 5, 2657
List the prime factors of 84.
2, 3, 7
List the prime factors of 9562.
2, 7, 683
List the prime factors of 6482.
2, 7, 463
What are the prime factors of 1116?
2, 3, 31
What are the prime factors of 5253?
3, 17, 103
List the prime factors of 42418.
2, 127, 167
What are the prime factors of 9645?
3, 5, 643
List the prime factors of 650.
2, 5, 13
List the prime factors of 62899.
31, 2029
What are the prime factors of 13352?
2, 1669
What are the prime factors of 43979?
13, 17, 199
List the prime factors of 2601.
3, 17
What are the prime factors of 426?
2, 3, 71
List the prime factors of 916.
2, 229
List the prime factors of 305.
5, 61
What are the prime factors of 46468?
2, 11617
List the prime factors of 16551.
3, 613
What are the prime factors of 159327?
3, 7, 281
What are the prime factors of 5889?
3, 13, 151
List the prime factors of 34192.
2, 2137
List the prime factors of 1379.
7, 197
What are the prime factors of 111265?
5, 7, 11, 17
What are the prime factors of 1313?
13, 101
What are the prime factors of 107202?
2, 3, 17, 1051
What are the prime factors of 123?
3, 41
What are the prime factors of 50673?
3, 7, 19, 127
List the prime factors of 26147.
11, 2377
List the prime factors of 16916.
2, 4229
What are the prime factors of 1003?
17, 59
What are the prime factors of 27861?
3, 37, 251
What are the prime factors of 1926?
2, 3, 107
What are the prime factors of 3164?
2, 7, 113
What are the prime factors of 38191?
181, 211
List the prime factors of 28773.
3, 23, 139
What are the prime factors of 5849?
5849
What are the prime factors of 555?
3, 5, 37
List the prime factors of 34128.
2, 3, 79
What are the prime factors of 1451?
1451
What are the prime factors of 831?
3, 277
List the prime factors of 1246.
2, 7, 89
List the prime factors of 55325.
5, 2213
List the prime factors of 63605.
5, 12721
What are the prime factors of 878?
2, 439
List the prime factors of 19816.
2, 2477
List the prime factors of 8163.
3, 907
List the prime factors of 10286.
2, 37, 139
What are the prime factors of 51369?
3, 17123
What are the prime factors of 13315?
5, 2663
What are the prime factors of 427?
7, 61
List the prime factors of 1075.
5, 43
What are the prime factors of 33038?
2, 16519
What are the prime factors of 30213?
3, 373
List the prime factors of 663.
3, 13, 17
List the prime factors of 6523.
11, 593
What are the prime factors of 900?
2, 3, 5
What are the prime factors of 1881?
3, 11, 19
List the prime factors of 1077.
3, 359
What are the prime factors of 63?
3, 7
What are the prime factors of 11044?
2, 11, 251
List the prime factors of 10443.
3, 59
What are the prime factors of 10224?
2, 3, 71
List the prime factors of 7467.
3, 19, 131
What are the prime factors of 2163?
3, 7, 103
List the prime factors of 1750.
2, 5, 7
List the prime factors of 7252.
2, 7, 37
What are the prime factors of 2662?
2, 11
What are the prime factors of 61277?
29, 2113
List the prime factors of 52.
2, 13
List the prime factors of 77071.
37, 2083
What are the prime factors of 1067?
11, 97
What are the prime factors of 3392?
2, 53
List the prime factors of 3280.
2, 5, 41
List the prime factors of 109889.
13, 79, 107
List the prime factors of 114103.
11, 23, 41
List the prime factors of 19236.
2, 3, 7, 229
What are the prime factors of 1275?
3, 5, 17
What are the prime factors of 6649?
61, 109
List the prime factors of 1562.
2, 11, 71
What are the prime factors of 14039?
101, 139
What are the prime factors of 4101?
3, 1367
List the prime factors of 646.
2, 17, 19
What are the prime factors of 48462?
2, 3, 41, 197
List the prime factors of 1594.
2, 797
What are the prime factors of 17077?
17077
What are the prime factors of 7946?
2, 29, 137
List the prime factors of 2939.
2939
List the prime factors of 911.
911
List the prime factors of 11736.
2, 3, 163
What are the prime factors of 30170?
2, 5, 7, 431
List the prime factors of 44936.
2, 41, 137
List the prime factors of 31416.
2, 3, 7, 11, 17
List the prime factors of 51421.
51421
What are the prime factors of 129?
3, 43
List the prime factors of 955.
5, 191
List the prime factors of 2458.
2, 1229
What are the prime 